2*s - 4, s - 1 = 5*w. What is the units digit of s?
1
Let z(o) = o**3 + 8*o**2 + 8*o + 7. Let v be z(-7). Let s be 3/3*v/3. Suppose -5*q + 6 + 79 = s. What is the tens digit of q?
1
Let l(t) = -t**3 + 2*t + 123. What is the tens digit of l(0)?
2
Suppose 0 = 4*b - 9*b + 545. What is the units digit of b?
9
Let n be ((-6)/(-9))/((-4)/(-30)). Let o(i) = i + 2. Let u(a) = -2*a - 2. Let r(g) = -3*o(g) - 2*u(g). What is the units digit of r(n)?
3
Let i = 5 + -7. What is the units digit of (2 - -9) + -2 + i?
7
Let q be 1/(1 - (-2)/(-4)). Suppose y + 1 = 2*y. Let f = q - y. What is the units digit of f?
1
Suppose -3*l + 5*t = 14, -22 = -0*l - l - 5*t. Suppose f - 116 = -5*z, l*z = -2*f + 32 + 8. What is the units digit of z/3 + 0 + 0?
8
Let j be 3 + 3 + 2 + -3. Suppose j*t - 14 = 61. What is the tens digit of t?
1
Let a(v) = 3*v - 13. Suppose -11*y + 42 = -8*y. What is the tens digit of a(y)?
2
Let q(j) = -j + 9. Let u be q(-7). Suppose 0 = -5*f + 4*t - t - 16, 4*t - u = 4*f. Let z = 11 + f. What is the units digit of z?
9
Let o(y) = 30*y + 1 + 3*y + 1. What is the tens digit of o(1)?
3
Let r(m) = 2 + 2*m**3 - 4*m - 1 + 2 + 3*m**3. Let j be r(2). Suppose -3*t + j = -19. What is the tens digit of t?
1
Suppose 6 = r - 7. Suppose -197 - r = -5*o. Suppose -4*j + o = 14. What is the units digit of j?
7
Let d = -1 - -6. Suppose 10 = 3*i + d*y, -20 = 2*i - 0*y - 2*y. What is the tens digit of (i/2)/(4/(-24))?
1
Suppose -3*y + 7*y - 8 = 0. Let w be -3 + 18/3 + y. Suppose z - w = 0, -4*z + 9 = -2*v - 7. What is the units digit of v?
2
Let j(b) = b**2 + 6*b + 5. Let s be j(-6). Suppose -s*k = y + 2*y - 14, 2*k = -y + 3. Let f = 27 - y. What is the units digit of f?
4
Suppose -4*b - 36 = -4*y, -24 = -2*y - 0*y + 5*b. Let m be 4/(-14) + 107/y. Suppose 7*g - m = 2*g. What is the units digit of g?
3
Let u(h) = -h**3 + 10*h**2 + 13*h + 10. What is the units digit of u(7)?
8
Suppose s - 52 = -3*q, 2*q - 6 = 2. Suppose t = -0*t - 1, -m + 2*t + s = 0. What is the units digit of m?
8
Let f = 11 - 9. Suppose -h + 21 = a, -f*a + 6*h + 28 = h. What is the units digit of a?
9
Let o(a) = -a**3 + 8*a**2 - 6*a - 5. What is the tens digit of o(6)?
3
Let l = 697 + -492. What is the hundreds digit of l?
2
Let q(j) = -j**2 - 7*j - 4. Suppose 5*z - 15 = 5*d, -18 = d + z + 3*z. What is the units digit of q(d)?
2
Let h(o) = 3*o**2 - 4*o + 17. What is the tens digit of h(-5)?
1
Suppose -2*b - 16 = -0*b - 2*n, -b = 4*n - 17. What is the units digit of 1/b - (-66)/9?
7
Let f = -14 + 17. Suppose f*z - 31 + 94 = g, -3*g = 3*z - 153. What is the units digit of g?
4
Let y = -1 - -4. Suppose 26 = -r + y*r. What is the tens digit of r?
1
Suppose 32 - 200 = -2*g. Suppose -g = -4*v + c - 0*c, 105 = 5*v - 3*c. What is the units digit of v?
1
What is the tens digit of 266/5 + 6/(-30)?
5
Suppose 0 = -3*g + g + 42. What is the tens digit of g?
2
Let l(x) = x + 1. Let q be l(4). Suppose 4 = -q*p + 7*p. Suppose -t + 48 = p*t. What is the tens digit of t?
1
Suppose -5*s + a + 386 = 4*a, 2*s - 3*a = 146. What is the tens digit of s?
7
Let l(f) = f**3 - 2*f**2 + f. Let m be l(1). Let y be -20 + m + (0 - -1). Let o = y + 33. What is the tens digit of o?
1
Suppose -5*x - 2*n = 3*n - 885, 519 = 3*x - 3*n. What is the tens digit of x?
7
Suppose b - 18 = -0. What is the tens digit of b?
1
Let d = -16 - -8. What is the units digit of (-18)/d*16/3?
2
Let r(h) = h**2 + 12*h + 5. Let g be r(-7). Let b be (-4)/(-16) + g/(-8). Suppose -b*q - 4*c = -48, c + 3*c = 2*q. What is the units digit of q?
8
Let o be (1/2)/(1/(-8)). What is the tens digit of (16/(-6) - o)*9?
1
Suppose 79 = -o + 4*o + 4*j, j + 124 = 5*o. What is the units digit of o?
5
Suppose -s - 4 = s. Let b = s + 6. Suppose b*f = 6 + 10. What is the units digit of f?
4
Suppose w - 8 = 3*w. Let l be -3 - (-2 + 0 + w). Suppose l*s = 4*s - 9. What is the units digit of s?
9
Suppose -2*d = 3*y - 0*y + 2, 2*d + 5*y + 6 = 0. Suppose -2*h - 41 - 14 = -3*j, -4 = d*h. What is the tens digit of j?
1
Suppose -t = 7 - 4. Let r be (-10)/(6/t)*-1. Let l = -4 - r. What is the units digit of l?
1
Suppose -9*w + 4*w + 200 = 0. What is the tens digit of w?
4
Suppose 5*s - 1267 = -197. What is the units digit of s?
4
Suppose 4*s - 16 = -0*h - 4*h, -14 = -h + 4*s. Suppose 0 = -3*k + k + h. What is the units digit of k?
3
Let q(y) = -y**3 + 10*y**2 + y + 6. What is the tens digit of q(10)?
1
Suppose 2*f + 16 = -14. Let p = f + 36. Let l = p + -7. What is the units digit of l?
4
Let u be (-44)/5 + (-1)/5. Let d(y) = -y**2 - 12*y - 17. What is the units digit of d(u)?
0
Suppose -5 = -5*r - 0. Suppose r = 2*c - 3. What is the units digit of c?
2
What is the tens digit of -2 + 0 + (53 - (4 + -6))?
5
Let f(c) be the second derivative of -1/6*c**3 + 0 - c + 1/2*c**2. What is the units digit of f(-1)?
2
Let b(d) = d + 7. Let a be b(-6). Let u be a/(-2) - 57/6. Let n = u + 17. What is the units digit of n?
7
Suppose 1 = h - 1. Suppose -d = -h*c + 4, -6*d + 2*c = -3*d - 4. What is the units digit of d?
4
Let p(x) = x**3 + 13*x**2 - 14*x + 22. What is the units digit of p(-13)?
4
Let q be -2 + (-1 - -5) - 0. Suppose 0*m + 14 = q*m. What is the units digit of m?
7
Let h(d) = -2*d + 6*d**2 + 8 + 3*d - 3*d + d**3 + 0*d**2. What is the units digit of h(-6)?
0
Suppose 48 = 4*u - 52. What is the units digit of u?
5
Suppose -3*b - 1 = -i + 2*i, 0 = b + 2. Suppose 15 + i = 5*j. What is the units digit of j?
4
Suppose 2 = 4*k + w - 279, 2*w = k - 77. What is the units digit of k?
1
Suppose -5*v = -5, -4*m + 3*v + 73 = -0*v. Let z(f) = f**2 - f - 4. Let r be z(3). Suppose o - r*o = -m. What is the tens digit of o?
1
Let u = -8 + -15. Let s = -2 - u. What is the tens digit of s?
2
Let i(l) = l. Let p be i(4). Let n = 9 - p. Let m = 23 - n. What is the units digit of m?
8
What is the tens digit of 30/50 + (-282)/(-5)?
5
Let g be 1/2*(-2)/1. What is the units digit of 28 - (g + 3 + -3)?
9
Suppose -7*o - 468 = -20*o. What is the tens digit of o?
3
Let b be (-2)/3 + (-7)/3. Let x = b + 11. What is the units digit of x?
8
Suppose 2*b + 18 = -3*m, -2*b = -4*b. Let g = 18 - m. What is the units digit of g?
4
Let v(p) be the second derivative of p**5/20 + 2*p**4/3 + 4*p**3/3 + p**2/2 + 7*p. What is the units digit of v(-6)?
5
Let y(q) = -q**3 + 8*q**2 - 7*q - 1. Let t be y(7). Suppose 3*s - s = 0. Let o = s - t. What is the units digit of o?
1
Suppose 4*m = -21 + 109. What is the units digit of m?
2
Let m be ((-16)/(-10))/(2/40). Let v = m + -22. What is the units digit of v?
0
Let z(y) = 4*y**2 + 4*y - 3. Let t be z(2). Suppose -2*i + 4 = -2, -4*g - 3*i + t = 0. Let u = 7 - g. What is the units digit of u?
4
Let h(k) be the second derivative of 1/6*k**3 - k + k**2 + 0. What is the units digit of h(4)?
6
Let x(s) = s**2 - 8*s + 3. Let v be x(8). Suppose -v*o + 90 = 33. What is the tens digit of o?
1
Let g(c) = -c**3 + c**2 - 2*c - 11. Let w be g(0). Let t(n) = -2*n + 5. What is the tens digit of t(w)?
2
Let q(y) = 10 + 9*y - 3*y - 7*y. What is the units digit of q(8)?
2
Let y(q) = -4 + 12 + 10 - 2*q - 5. Let o be y(-10). Let c = o + -14. What is the tens digit of c?
1
Let x(c) = 43*c + 2. What is the tens digit of x(1)?
4
Suppose -3*z = 2*z - 145. Let y = z - 17. What is the tens digit of y?
1
Suppose 0*y = 5*y + 2*o + 4, 5*y - o = -13. Suppose -10 = -3*g + 14. Let s = y + g. What is the units digit of s?
6
Let s be 0/1 + (10 - 1). Let a = s - -2. What is the tens digit of a?
1
Let l(p) = p**3 - 5*p**2 + 3*p - 5. Let j be l(4). Let k(w) = w**2 + 10*w + 9. Let r be k(-6). Let o = j - r. What is the units digit of o?
6
Suppose 3*q = 39 + 48. Let p = -18 + q. What is the units digit of p?
1
Let g be ((-5)/10)/(1/(-230)). Suppose a + 4*a = g. What is the tens digit of a?
2
Suppose 5*h - 4*f = 53 - 7, -f + 8 = 2*h. Suppose -h*b + 4*b = -2. What is the units digit of -2*(b + -5) - 2?
6
Let f = -3 + 7. What is the tens digit of (-1170)/(-99) + f/22?
1
Let o(u) = 2*u**3 - 2*u**2 - u - 3. Let g be o(3). What is the units digit of ((-3)/5)/((-2)/g)?
9
Let j(n) = -n**3 - 3*n**2 + 4. Let m(y) = -y**2 - 4*y + 2. Let i be 1 + (-10 - 2)/2. Let s be m(i). What is the units digit of j(s)?
4
Let d(y) = y**2 - 7*y + 3. Let l be d(7). Let h(o) = o**2 + 7*o + 2. Let i be h(-7). Suppose -i*m = l*m - 10. What is the unit